{"id":1591,"date":"2020-12-03T14:50:16","date_gmt":"2020-12-03T13:50:16","guid":{"rendered":"https:\/\/frimed.de\/?page_id=1591"},"modified":"2023-12-12T08:56:57","modified_gmt":"2023-12-12T07:56:57","slug":"start","status":"publish","type":"page","link":"https:\/\/frimed.de\/","title":{"rendered":"Start"},"content":{"rendered":"\t\t<div data-elementor-type=\"wp-page\" data-elementor-id=\"1591\" class=\"elementor elementor-1591\">\n\t\t\t\t\t\t<section class=\"elementor-section elementor-top-section elementor-element elementor-element-482ec410 elementor-section-height-min-height elementor-section-boxed elementor-section-height-default elementor-section-items-middle\" data-id=\"482ec410\" data-element_type=\"section\" data-e-type=\"section\" data-settings=\"{&quot;background_background&quot;:&quot;classic&quot;}\">\n\t\t\t\t\t\t<div class=\"elementor-container elementor-column-gap-default\">\n\t\t\t\t\t<div class=\"elementor-column elementor-col-100 elementor-top-column elementor-element elementor-element-3704f8f3\" data-id=\"3704f8f3\" data-element_type=\"column\" data-e-type=\"column\">\n\t\t\t<div class=\"elementor-widget-wrap elementor-element-populated\">\n\t\t\t\t\t\t<div class=\"elementor-element elementor-element-2f803316 elementor-widget elementor-widget-spacer\" data-id=\"2f803316\" data-element_type=\"widget\" data-e-type=\"widget\" data-widget_type=\"spacer.default\">\n\t\t\t\t<div class=\"elementor-widget-container\">\n\t\t\t\t\t\t\t<div class=\"elementor-spacer\">\n\t\t\t<div class=\"elementor-spacer-inner\"><\/div>\n\t\t<\/div>\n\t\t\t\t\t\t<\/div>\n\t\t\t\t<\/div>\n\t\t\t\t\t<\/div>\n\t\t<\/div>\n\t\t\t\t\t<\/div>\n\t\t<\/section>\n\t\t\t\t<section class=\"elementor-section elementor-top-section elementor-element elementor-element-68a18a6e elementor-section-boxed elementor-section-height-default elementor-section-height-default\" data-id=\"68a18a6e\" data-element_type=\"section\" data-e-type=\"section\">\n\t\t\t\t\t\t<div class=\"elementor-container elementor-column-gap-default\">\n\t\t\t\t\t<div class=\"elementor-column elementor-col-100 elementor-top-column elementor-element elementor-element-3f8c4166\" data-id=\"3f8c4166\" data-element_type=\"column\" data-e-type=\"column\">\n\t\t\t<div class=\"elementor-widget-wrap elementor-element-populated\">\n\t\t\t\t\t\t<div class=\"elementor-element elementor-element-2ae676e7 elementor-widget elementor-widget-heading\" data-id=\"2ae676e7\" data-element_type=\"widget\" data-e-type=\"widget\" data-widget_type=\"heading.default\">\n\t\t\t\t<div class=\"elementor-widget-container\">\n\t\t\t\t\t<h1 class=\"elementor-heading-title elementor-size-default\">Herzlich Willkommen bei der Frimed Medizintechnik GmbH\n<\/h1>\t\t\t\t<\/div>\n\t\t\t\t<\/div>\n\t\t\t\t<div class=\"elementor-element elementor-element-2b2039d8 elementor-widget elementor-widget-text-editor\" data-id=\"2b2039d8\" data-element_type=\"widget\" data-e-type=\"widget\" data-widget_type=\"text-editor.default\">\n\t\t\t\t<div class=\"elementor-widget-container\">\n\t\t\t\t\t\t\t\t\t<p>Gerne beliefern wir Sie mit unseren chirurgischen Instrumenten aus vielen verschiedenen medizinischen Fachbereichen.&nbsp;<span style=\"color: var( --e-global-color-text );\">Unsere Produkte sind in die unterschiedlichen medizinischen Fachbereiche aufgeteilt, um es Ihnen so einfach wie m\u00f6glich zu machen, das Richtige zu finden.&nbsp;<\/span><span style=\"color: var( --e-global-color-text );\">Alle unsere Produkte sind mit Artikelnummern und dem CE-Kennzeichen versehen, mehr Auskunft dar\u00fcber finden Sie unter Qualit\u00e4t.&nbsp;<\/span><span style=\"color: var( --e-global-color-text );\">Haben Sie noch Fragen? Wir sind daran interessiert, keine Fragen offen zu lassen, bitte wenden Sie sich an unseren Service.&nbsp;<\/span><span style=\"color: var( --e-global-color-text );\">Au\u00dferdem haben wir einige Informationen \u00dcber uns f\u00fcr Sie zusammengestellt, denn wer m\u00f6chte nicht gern wissen, mit wem er zusammenarbeitet.<\/span><\/p>\t\t\t\t\t\t\t\t<\/div>\n\t\t\t\t<\/div>\n\t\t\t\t\t<\/div>\n\t\t<\/div>\n\t\t\t\t\t<\/div>\n\t\t<\/section>\n\t\t\t\t<section class=\"elementor-section elementor-top-section elementor-element elementor-element-54ab7be elementor-section-content-middle elementor-section-boxed elementor-section-height-default elementor-section-height-default\" data-id=\"54ab7be\" data-element_type=\"section\" data-e-type=\"section\" data-settings=\"{&quot;background_background&quot;:&quot;classic&quot;}\">\n\t\t\t\t\t\t<div class=\"elementor-container elementor-column-gap-default\">\n\t\t\t\t\t<div class=\"elementor-column elementor-col-50 elementor-top-column elementor-element elementor-element-78a1f829\" data-id=\"78a1f829\" data-element_type=\"column\" data-e-type=\"column\">\n\t\t\t<div class=\"elementor-widget-wrap elementor-element-populated\">\n\t\t\t\t\t\t<div class=\"elementor-element elementor-element-13d17b42 elementor-widget elementor-widget-heading\" data-id=\"13d17b42\" data-element_type=\"widget\" data-e-type=\"widget\" data-widget_type=\"heading.default\">\n\t\t\t\t<div class=\"elementor-widget-container\">\n\t\t\t\t\t<h2 class=\"elementor-heading-title elementor-size-default\">Wir sind Ihr Ansprechpartner in Sachen Medizintechnik<\/h2>\t\t\t\t<\/div>\n\t\t\t\t<\/div>\n\t\t\t\t\t<\/div>\n\t\t<\/div>\n\t\t\t\t<div class=\"elementor-column elementor-col-50 elementor-top-column elementor-element elementor-element-20c1b9f4\" data-id=\"20c1b9f4\" data-element_type=\"column\" data-e-type=\"column\">\n\t\t\t<div class=\"elementor-widget-wrap elementor-element-populated\">\n\t\t\t\t\t\t<div class=\"elementor-element elementor-element-633b7d1c elementor-align-center elementor-widget elementor-widget-button\" data-id=\"633b7d1c\" data-element_type=\"widget\" data-e-type=\"widget\" data-widget_type=\"button.default\">\n\t\t\t\t<div class=\"elementor-widget-container\">\n\t\t\t\t\t\t\t\t\t<div class=\"elementor-button-wrapper\">\n\t\t\t\t\t<a class=\"elementor-button elementor-button-link elementor-size-sm\" href=\"tel:+4974619661840\">\n\t\t\t\t\t\t<span class=\"elementor-button-content-wrapper\">\n\t\t\t\t\t\t\t\t\t<span class=\"elementor-button-text\">Rufen Sie uns an!<\/span>\n\t\t\t\t\t<\/span>\n\t\t\t\t\t<\/a>\n\t\t\t\t<\/div>\n\t\t\t\t\t\t\t\t<\/div>\n\t\t\t\t<\/div>\n\t\t\t\t\t<\/div>\n\t\t<\/div>\n\t\t\t\t\t<\/div>\n\t\t<\/section>\n\t\t\t\t<section class=\"elementor-section elementor-top-section elementor-element elementor-element-289512a6 elementor-section-boxed elementor-section-height-default elementor-section-height-default\" data-id=\"289512a6\" data-element_type=\"section\" data-e-type=\"section\">\n\t\t\t\t\t\t<div class=\"elementor-container elementor-column-gap-default\">\n\t\t\t\t\t<div class=\"elementor-column elementor-col-33 elementor-top-column elementor-element elementor-element-17c41dfe\" data-id=\"17c41dfe\" data-element_type=\"column\" data-e-type=\"column\">\n\t\t\t<div class=\"elementor-widget-wrap elementor-element-populated\">\n\t\t\t\t\t\t<div class=\"elementor-element elementor-element-b1a62b0 elementor-widget elementor-widget-image\" data-id=\"b1a62b0\" data-element_type=\"widget\" data-e-type=\"widget\" data-widget_type=\"image.default\">\n\t\t\t\t<div class=\"elementor-widget-container\">\n\t\t\t\t\t\t\t\t\t\t\t\t\t\t\t\t<a href=\"https:\/\/frimed.de\/index.php\/qualitaet\/\">\n\t\t\t\t\t\t\t<img fetchpriority=\"high\" decoding=\"async\" width=\"1024\" height=\"1024\" src=\"https:\/\/frimed.de\/wp-content\/uploads\/2022\/11\/Zange_Waage_square-1024x1024.jpg\" class=\"attachment-large size-large wp-image-2482\" alt=\"\" srcset=\"https:\/\/frimed.de\/wp-content\/uploads\/2022\/11\/Zange_Waage_square-1024x1024.jpg 1024w, https:\/\/frimed.de\/wp-content\/uploads\/2022\/11\/Zange_Waage_square-300x300.jpg 300w, https:\/\/frimed.de\/wp-content\/uploads\/2022\/11\/Zange_Waage_square-150x150.jpg 150w, https:\/\/frimed.de\/wp-content\/uploads\/2022\/11\/Zange_Waage_square-768x768.jpg 768w, https:\/\/frimed.de\/wp-content\/uploads\/2022\/11\/Zange_Waage_square.jpg 1500w\" sizes=\"(max-width: 1024px) 100vw, 1024px\" \/>\t\t\t\t\t\t\t\t<\/a>\n\t\t\t\t\t\t\t\t\t\t\t\t\t\t\t<\/div>\n\t\t\t\t<\/div>\n\t\t\t\t<div class=\"elementor-element elementor-element-ae26fe0 elementor-widget elementor-widget-heading\" data-id=\"ae26fe0\" data-element_type=\"widget\" data-e-type=\"widget\" data-widget_type=\"heading.default\">\n\t\t\t\t<div class=\"elementor-widget-container\">\n\t\t\t\t\t<h2 class=\"elementor-heading-title elementor-size-default\"><a href=\"https:\/\/frimed.de\/index.php\/qualitaet\/\">QUALIT\u00c4T\u200b<\/a><\/h2>\t\t\t\t<\/div>\n\t\t\t\t<\/div>\n\t\t\t\t\t<\/div>\n\t\t<\/div>\n\t\t\t\t<div class=\"elementor-column elementor-col-33 elementor-top-column elementor-element elementor-element-776623aa\" data-id=\"776623aa\" data-element_type=\"column\" data-e-type=\"column\">\n\t\t\t<div class=\"elementor-widget-wrap elementor-element-populated\">\n\t\t\t\t\t\t<div class=\"elementor-element elementor-element-0fa5906 elementor-widget elementor-widget-image\" data-id=\"0fa5906\" data-element_type=\"widget\" data-e-type=\"widget\" data-widget_type=\"image.default\">\n\t\t\t\t<div class=\"elementor-widget-container\">\n\t\t\t\t\t\t\t\t\t\t\t\t\t\t\t\t<a href=\"https:\/\/frimed.de\/index.php\/produkte\/\">\n\t\t\t\t\t\t\t<img decoding=\"async\" width=\"1024\" height=\"1024\" src=\"https:\/\/frimed.de\/wp-content\/uploads\/2022\/11\/Pinzetten_square-1024x1024.jpg\" class=\"attachment-large size-large wp-image-2476\" alt=\"\" srcset=\"https:\/\/frimed.de\/wp-content\/uploads\/2022\/11\/Pinzetten_square-1024x1024.jpg 1024w, https:\/\/frimed.de\/wp-content\/uploads\/2022\/11\/Pinzetten_square-300x300.jpg 300w, https:\/\/frimed.de\/wp-content\/uploads\/2022\/11\/Pinzetten_square-150x150.jpg 150w, https:\/\/frimed.de\/wp-content\/uploads\/2022\/11\/Pinzetten_square-768x768.jpg 768w, https:\/\/frimed.de\/wp-content\/uploads\/2022\/11\/Pinzetten_square.jpg 1500w\" sizes=\"(max-width: 1024px) 100vw, 1024px\" \/>\t\t\t\t\t\t\t\t<\/a>\n\t\t\t\t\t\t\t\t\t\t\t\t\t\t\t<\/div>\n\t\t\t\t<\/div>\n\t\t\t\t<div class=\"elementor-element elementor-element-1c1e839 elementor-widget elementor-widget-heading\" data-id=\"1c1e839\" data-element_type=\"widget\" data-e-type=\"widget\" data-widget_type=\"heading.default\">\n\t\t\t\t<div class=\"elementor-widget-container\">\n\t\t\t\t\t<h2 class=\"elementor-heading-title elementor-size-default\"><a href=\"https:\/\/frimed.de\/index.php\/produkte\/\">Produkte<\/a><\/h2>\t\t\t\t<\/div>\n\t\t\t\t<\/div>\n\t\t\t\t\t<\/div>\n\t\t<\/div>\n\t\t\t\t<div class=\"elementor-column elementor-col-33 elementor-top-column elementor-element elementor-element-39f5544\" data-id=\"39f5544\" data-element_type=\"column\" data-e-type=\"column\">\n\t\t\t<div class=\"elementor-widget-wrap elementor-element-populated\">\n\t\t\t\t\t\t<div class=\"elementor-element elementor-element-2d6c496 elementor-widget elementor-widget-image\" data-id=\"2d6c496\" data-element_type=\"widget\" data-e-type=\"widget\" data-widget_type=\"image.default\">\n\t\t\t\t<div class=\"elementor-widget-container\">\n\t\t\t\t\t\t\t\t\t\t\t\t\t\t\t\t<a href=\"https:\/\/frimed.de\/index.php\/service\/\">\n\t\t\t\t\t\t\t<img decoding=\"async\" width=\"1024\" height=\"1024\" src=\"https:\/\/frimed.de\/wp-content\/uploads\/2022\/11\/Laser_square-1024x1024.jpg\" class=\"attachment-large size-large wp-image-2479\" alt=\"\" srcset=\"https:\/\/frimed.de\/wp-content\/uploads\/2022\/11\/Laser_square-1024x1024.jpg 1024w, https:\/\/frimed.de\/wp-content\/uploads\/2022\/11\/Laser_square-300x300.jpg 300w, https:\/\/frimed.de\/wp-content\/uploads\/2022\/11\/Laser_square-150x150.jpg 150w, https:\/\/frimed.de\/wp-content\/uploads\/2022\/11\/Laser_square-768x768.jpg 768w, https:\/\/frimed.de\/wp-content\/uploads\/2022\/11\/Laser_square.jpg 1500w\" sizes=\"(max-width: 1024px) 100vw, 1024px\" \/>\t\t\t\t\t\t\t\t<\/a>\n\t\t\t\t\t\t\t\t\t\t\t\t\t\t\t<\/div>\n\t\t\t\t<\/div>\n\t\t\t\t<div class=\"elementor-element elementor-element-4df77d1 elementor-widget elementor-widget-heading\" data-id=\"4df77d1\" data-element_type=\"widget\" data-e-type=\"widget\" data-widget_type=\"heading.default\">\n\t\t\t\t<div class=\"elementor-widget-container\">\n\t\t\t\t\t<h2 class=\"elementor-heading-title elementor-size-default\"><a href=\"https:\/\/frimed.de\/index.php\/service\/\">Service<\/a><\/h2>\t\t\t\t<\/div>\n\t\t\t\t<\/div>\n\t\t\t\t\t<\/div>\n\t\t<\/div>\n\t\t\t\t\t<\/div>\n\t\t<\/section>\n\t\t\t\t<\/div>\n\t\t","protected":false},"excerpt":{"rendered":"<p>Herzlich Willkommen bei der Frimed Medizintechnik GmbH Gerne beliefern wir Sie mit unseren chirurgischen Instrumenten aus vielen verschiedenen medizinischen Fachbereichen.&nbsp;Unsere Produkte sind in die unterschiedlichen medizinischen Fachbereiche aufgeteilt, um es Ihnen so einfach wie m\u00f6glich zu machen, das Richtige zu &hellip; <a class=\"kt-excerpt-readmore\" href=\"https:\/\/frimed.de\/\" aria-label=\"Start\">Weiterlesen<\/a><\/p>\n","protected":false},"author":1,"featured_media":0,"parent":0,"menu_order":0,"comment_status":"closed","ping_status":"closed","template":"elementor_header_footer","meta":{"footnotes":""},"class_list":["post-1591","page","type-page","status-publish","hentry"],"_links":{"self":[{"href":"https:\/\/frimed.de\/index.php\/wp-json\/wp\/v2\/pages\/1591","targetHints":{"allow":["GET"]}}],"collection":[{"href":"https:\/\/frimed.de\/index.php\/wp-json\/wp\/v2\/pages"}],"about":[{"href":"https:\/\/frimed.de\/index.php\/wp-json\/wp\/v2\/types\/page"}],"author":[{"embeddable":true,"href":"https:\/\/frimed.de\/index.php\/wp-json\/wp\/v2\/users\/1"}],"replies":[{"embeddable":true,"href":"https:\/\/frimed.de\/index.php\/wp-json\/wp\/v2\/comments?post=1591"}],"version-history":[{"count":0,"href":"https:\/\/frimed.de\/index.php\/wp-json\/wp\/v2\/pages\/1591\/revisions"}],"wp:attachment":[{"href":"https:\/\/frimed.de\/index.php\/wp-json\/wp\/v2\/media?parent=1591"}],"curies":[{"name":"wp","href":"https:\/\/api.w.org\/{rel}","templated":true}]}}